18/(-12)*2/(-1). Suppose 3*j = s, -4*j + 3 = v - 6. Suppose -5*k - 4*n = -5*n - 393, -4*k = -v*n - 306. Is k composite?
False
Is 80/(-448)*-14 - 976594/(-4) composite?
True
Let x(n) = 29*n**2 - 47*n - 73. Is x(22) a composite number?
True
Let k = -173955 - -271564. Is k a composite number?
False
Let d = -15 - 41. Let k = d + 60. Suppose 0 = -f - k*f + 5575. Is f prime?
False
Let c(z) = -1013*z - 254. Suppose -5*w = -f - 54, f + 15 = -w - 9. Is c(f) composite?
False
Let h(z) = z**2 + 55*z + 26. Let f be h(-38). Let r = f + 1141. Is r a prime number?
True
Suppose d - 14 = -5*x, -6 = 3*d - 5*d + x. Suppose d*c + 1045 = 9*c. Is c composite?
True
Suppose -h = -30*m + 7*m + 805527, 0 = -3*h + 6. Is m prime?
True
Let w be (-1)/(-2)*0/4. Suppose 9*g - 10*g - 5*c + 5437 = w, -g - 2*c + 5443 = 0. Is g a prime number?
False
Let z be 94712/(-38)*(-6)/24 - 2/19. Suppose 3*d = -2*d + 30. Suppose 0 = -d*h - h + z. Is h composite?
False
Let z(x) = -18*x - 1 - 6 - 34 + 2*x**3 - x**3 - 31*x**2. Is z(33) composite?
False
Let c = 251186 - 132997. Is c a prime number?
True
Let o = 67800 + -36227. Is o a prime number?
True
Suppose -4*t + 8 = 2*p, -3*p = 2*t - 3*t - 12. Suppose -5*m - z + 8289 = t, -11*m + 6629 = -7*m + 3*z. Is m prime?
False
Suppose 320*z - 314*z - 24 = 0. Suppose 4*b - 3*p - 58588 + 16355 = 0, -4*b + 42240 = z*p. Is b composite?
False
Suppose 54*j - 4517461 = -167*j. Is j a composite number?
False
Let k = -12099 + 13356. Is k composite?
True
Suppose 25*i - 8021 = 12*i. Suppose -y + 682 - 57 = -3*d, y - d = i. Is y a prime number?
True
Let x = 71 - 160. Let w = 67 + x. Let q(s) = -105*s - 31. Is q(w) a composite number?
True
Suppose u = 3*k - 2116845, -6*k + 4233648 = -4*u + 9*u. Is k prime?
True
Suppose -4 = -j + 1. Is (-7 + j)/((-16)/4008) composite?
True
Let u(a) be the third derivative of -a**6/5 + a**5/30 + a**4/6 - 5*a**3/6 - 2*a**2. Let f be u(3). Let n = f + 4332. Is n a composite number?
False
Let i(b) = -b**3 + 2*b**2 + 7*b + 2. Let n be i(4). Let c(y) = -1004*y**3 + 11*y**2 + 16*y - 5. Is c(n) composite?
False
Suppose 48*m - 215584 = 32*m. Let x = m - 8279. Is x a composite number?
True
Let r(w) = 4389*w**2 + 3*w - 2. Let l be r(-2). Suppose -2*x = 5*q + l, -q + 3514 = -2*q + 4*x. Let z = 5947 + q. Is z a prime number?
True
Let z(t) = 34*t**2 - 21*t + 4. Let d be z(-12). Suppose d = 5*a - 3133. Is a prime?
True
Suppose 42*q - 1288900 = -8*q. Is q prime?
False
Let f = 193 - 185. Suppose 5086 = f*d - 22026. Is d a prime number?
True
Let u(z) = -4758*z - 619. Is u(-55) a prime number?
True
Let s(y) = -247*y - 84*y - 172 + 5 + 31. Is s(-9) prime?
True
Suppose 16*u = -6 + 70. Suppose 4*y - 2*n - n - 4018 = 0, u*y - 4014 = n. Is y a prime number?
False
Let w be 14172/48 - 1/4. Suppose 4*t - 229 = 3*s, 0 = -4*t + 9*t - 2*s - w. Suppose -t*v = -65*v + 8180. Is v prime?
False
Suppose -20*w - 252 = -38*w. Suppose -w*h + 340 = -313806. Is h prime?
False
Suppose 4*n - 2*f = 6, f + 4*f = 5*n + 5. Let z(g) = 15*g**2 + 4*g - 8. Let a(s) = 16*s**2 + 4*s - 8. Let o(v) = n*a(v) - 3*z(v). Is o(5) composite?
False
Suppose -2*v + 14*v = 276. Let s = v + -20. Suppose 5*a + s*i + 141 = 539, -4*a + 316 = 3*i. Is a a prime number?
False
Let y = -17418 + 31067. Is y a prime number?
True
Let r = 54 + -50. Suppose 0*a + 5*t + 2526 = r*a, -t + 3143 = 5*a. Suppose 0 = 4*n - 5*p - a, -4*n + 5*p = -5*n + 176. Is n a prime number?
False
Let o be (-4 + (-32)/(-6))*(-18 + 6). Let x(i) = -2*i**3 - 9*i**2 + 53*i + 19. Is x(o) prime?
True
Suppose 989 = 13*m - 12479. Let y = m - 495. Is y a prime number?
True
Is 0/(-4 - -9) - -88449 a prime number?
False
Is (-11)/((66110/(-11015) + 6)*1/4) composite?
True
Suppose 26*p = 2066748 + 512894. Is p a prime number?
False
Suppose 47*y + 796763 - 1788378 = 2477596. Is y prime?
False
Let l = -39 + 41. Let v(w) = 3*w - 4. Let d be v(l). Suppose -2*h + 7*h - 2*q = 4145, 0 = d*h - 4*q - 1642. Is h composite?
True
Suppose 1229951 = -34*y + 6746485. Is y a composite number?
False
Let r(j) = 4*j**2 - 5*j + 5. Let v be r(1). Suppose -1554 = -2*d - g + 1267, v*g - 12 = 0. Is d composite?
False
Suppose 10*a - 4*z - 20755 = 5*a, 3*a + 5*z - 12453 = 0. Let o = a + -2894. Is o a composite number?
True
Suppose 0 = 3*f - 4*l - 21, -5*f = 4*l - l - 64. Suppose -9*d = -f*d + 6974. Is d a composite number?
True
Let y(p) be the first derivative of -p**2/2 + 8*p + 7. Let h be y(4). Suppose -3*o - d + 923 = -2*d, 3*d = -h*o + 1222. Is o composite?
False
Let u(m) = -m**3 - 21*m**2 - 19*m + 61. Let f be u(-20). Suppose f*l - 43*l = -5*r - 3022, -4*l - r = -6044. Is l prime?
True
Suppose 27*r + 4493189 = -4*r + 15050518. Is r a composite number?
False
Let j(t) = -2271*t**3 - 2*t**2 + 13*t + 29. Is j(-2) a prime number?
False
Suppose -753 = -4*i - 5*o, -4*o + 419 = 5*i - 529. Let c = 73 + -32. Suppose 0 = 2*s + 8, 3*q + s - c - i = 0. Is q a composite number?
False
Let y(r) = -325*r**3 + r**2 - 6*r - 7. Suppose 0 = -3*h + 2*z + 16, 0 = 2*h + 2*z + z + 11. Suppose s - 5*i - 5 = -h, -4*i = s + 6. Is y(s) a prime number?
True
Let k be 34*(-4)/8 + 2. Let m = 15 + k. Suppose m*j - 2*j + 1486 = 0. Is j prime?
True
Suppose 0 = -12*j + 4*j + 3728. Let n be (j/(-3))/(6/18). Let i = n + 1931. Is i composite?
True
Is ((-5021048)/592)/(-1*(-1)/(-2)) composite?
False
Suppose 2*s + 86 = -3*a + 454, -4*s = -2*a - 768. Let g = 181 + s. Is g composite?
True
Let m(l) = -42*l**3 + 2*l**2 - 16*l - 41. Is m(-6) a prime number?
True
Suppose -2*c = 3*p + 2*p - 165, 2*p = c + 66. Let x = p + -29. Suppose -968 = -4*v - x*v. Is v a prime number?
False
Suppose 3*r - 14 = -i, 2*r - 28 = -5*i + 3. Suppose 4*x - 34 = -5*g, 2*g = -5*x + 3*g + 57. Suppose -p = -l - 54, -i*l + x = p - 73. Is p a composite number?
False
Let p(c) = 16*c**3 + 10*c**2 + 3*c - 11. Let w be p(9). Suppose 7*o - 11065 = w. Is o prime?
False
Suppose -6*l + 983179 = -248956 - 164779. Is l a prime number?
True
Suppose 0 = -10*u + 8*u + 11710. Let g = 38 - 38. Suppose 31*f - 36*f + u = g. Is f composite?
False
Let k = -5605 + 3051. Let t be (-98)/(-8) - 1/4. Is -3*((-24)/(-16) + k/t) prime?
False
Let o(w) = w + 9. Let y be o(3). Let v = y - -31. Suppose -618 + v = -5*g. Is g composite?
True
Suppose 17 = p + 12, -4*p - 280 = -4*u. Is (-373850)/u*(-3)/2 a prime number?
True
Let i(t) = 10*t**2 - 17*t + 17. Suppose -w + 1 = 3*r, -4*w - 10 + 3 = r. Let d be ((-2)/(-6))/(r/24). Is i(d) composite?
False
Suppose 162*u + 2*u - 4348132 = 0. Is u a composite number?
False
Let a(p) = p**3 + 2*p**2 + 4*p + 2517. Let k = -247 + 247. Is a(k) prime?
False
Suppose 8*w = 4*w + 16112. Let h = 3902 + -2029. Let r = w - h. Is r composite?
True
Suppose -5*w - 4 - 39 = a, -25 = 5*w. Let i(y) = -73*y + 47. Is i(a) a prime number?
True
Let t = 358 - -96. Let x = 35 - t. Let u = -102 - x. Is u composite?
False
Suppose 727859 = 8*y - 771045. Is y a prime number?
False
Let z(a) = -153543*a - 61. Is z(-4) composite?
True
Suppose -11*j + 5057654 + 5705751 = 1756198. Is j a prime number?
True
Let a be 14 + 150 - (-4 - -8 - 8). Suppose a*t = 169*t - 3949. Is t prime?
False
Let f(r) be the third derivative of -461*r**6/120 + 11*r**5/60 - r**4/4 - r**3/6 + 52*r**2. Is f(-4) a prime number?
False
Let p(w) = 23*w**3 + 2*w**2 - w - 3. Suppose 3*c = -4*z - 14, 11*c - 2*z = 15*c + 2. Is p(c) a composite number?
True
Let s = 116338 - 38045. Is s prime?
False
Suppose -2005816 = 48*a - 11009368. Is a a prime number?
False
Let s(z) = 230*z + 360897. Is s(0) composite?
True
Suppose -3*f = -2*q + f + 139798, 3*q = -3*f + 209697. Is q prime?
True
Let u(a) = -5742*a**3 - 2*a**2 - 7*a - 6. Let r be u(-1). Let l = r - -1520. Is l prime?
False
Let l(p) = -22822*p - 6277. Is l(-17) prime?
True
Let o = -6321 + 21284. Is (15/3 - 5) + o a prime number?
False
Is (((-62)/(-217))/(1/(-7)))/(4/(-127934)) prime?
False
Suppose 5*s - 17929 = -3*w, 4*s + 0*w = -2*w + 14342. Suppose 0 = -7*c + 9*c + 5*f + 4647, -5*c - 11661 = -2*f. Let p = s + c. Is p a prime number?
False
Let o(r) = 14*r**2 - 7*r + 9. Suppose -z = 2*h - 3*z - 178, 405 = 5*h + 5*z. Let v = 89 - h. Is o(v) prime?
False
Suppose -4191 = 4*k + 3*v, v - 6*v - 5245 = 5*k. Let m = 71 - k. Is m a prime number?
False
Suppose -2*n - 4 = 4*d - 6*d, -5*n + 40 = 5*d. Suppose n*z = 19*z - 22992. Is z a prime number?
False
L